{"id":2690,"date":"2026-02-08T17:41:57","date_gmt":"2026-02-08T16:41:57","guid":{"rendered":"https:\/\/tomamoscafe.hatthieves.es\/?page_id=2690"},"modified":"2026-02-08T17:41:58","modified_gmt":"2026-02-08T16:41:58","slug":"artistas-y-creadores","status":"publish","type":"page","link":"https:\/\/cafefriki.com\/?page_id=2690","title":{"rendered":"Artistas y Creadores"},"content":{"rendered":"\n<p>Esta p\u00e1gina est\u00e1 dedicada a las personas que dan vida al mundo del entretenimiento y la cultura. Un espacio para conocer de cerca a <strong>artistas, actores y creadores de contenido<\/strong> que, a trav\u00e9s de su talento y creatividad, influyen en las tendencias y en la forma en que consumimos cultura hoy en d\u00eda.<\/p>\n\n\n\n<p>Aqu\u00ed encontrar\u00e1s informaci\u00f3n, perfiles y contenidos relacionados con:<\/p>\n\n\n\n<ul class=\"wp-block-list\">\n<li><strong>Artistas<\/strong>: m\u00fasicos, int\u00e9rpretes y figuras creativas que destacan por su obra y estilo.<\/li>\n\n\n\n<li><strong>Actores<\/strong>: protagonistas del cine, las series y el teatro, junto con sus trayectorias y proyectos m\u00e1s relevantes.<\/li>\n\n\n\n<li><strong>Creadores de contenido<\/strong>: voces emergentes y consolidadas de plataformas digitales que conectan con nuevas audiencias a trav\u00e9s de ideas originales y formatos innovadores.<\/li>\n<\/ul>\n\n\n\n<p>Esta secci\u00f3n busca dar visibilidad al talento y acercar al p\u00fablico a quienes est\u00e1n detr\u00e1s de las historias, las pantallas y las nuevas formas de expresi\u00f3n digital.<\/p>\n","protected":false},"excerpt":{"rendered":"<p>Esta p\u00e1gina est\u00e1 dedicada a las personas que dan vida al mundo del entretenimiento y la cultura. Un espacio para conocer de cerca a artistas, actores y creadores de contenido que, a trav\u00e9s de su talento y creatividad, influyen en las tendencias y en la forma en que consumimos cultura hoy en d\u00eda. Aqu\u00ed encontrar\u00e1s [&hellip;]<\/p>\n","protected":false},"author":1,"featured_media":0,"parent":0,"menu_order":0,"comment_status":"closed","ping_status":"closed","template":"","meta":{"site-sidebar-layout":"default","site-content-layout":"","ast-site-content-layout":"default","site-content-style":"default","site-sidebar-style":"default","ast-global-header-display":"","ast-banner-title-visibility":"","ast-main-header-display":"","ast-hfb-above-header-display":"","ast-hfb-below-header-display":"","ast-hfb-mobile-header-display":"","site-post-title":"","ast-breadcrumbs-content":"","ast-featured-img":"","footer-sml-layout":"","ast-disable-related-posts":"","theme-transparent-header-meta":"","adv-header-id-meta":"","stick-header-meta":"","header-above-stick-meta":"","header-main-stick-meta":"","header-below-stick-meta":"","astra-migrate-meta-layouts":"default","ast-page-background-enabled":"default","ast-page-background-meta":{"desktop":{"background-color":"var(--ast-global-color-5)","background-image":"","background-repeat":"repeat","background-position":"center center","background-size":"auto","background-attachment":"scroll","background-type":"","background-media":"","overlay-type":"","overlay-color":"","overlay-opacity":"","overlay-gradient":""},"tablet":{"background-color":"","background-image":"","background-repeat":"repeat","background-position":"center center","background-size":"auto","background-attachment":"scroll","background-type":"","background-media":"","overlay-type":"","overlay-color":"","overlay-opacity":"","overlay-gradient":""},"mobile":{"background-color":"","background-image":"","background-repeat":"repeat","background-position":"center center","background-size":"auto","background-attachment":"scroll","background-type":"","background-media":"","overlay-type":"","overlay-color":"","overlay-opacity":"","overlay-gradient":""}},"ast-content-background-meta":{"desktop":{"background-color":"var(--ast-global-color-4)","background-image":"","background-repeat":"repeat","background-position":"center center","background-size":"auto","background-attachment":"scroll","background-type":"","background-media":"","overlay-type":"","overlay-color":"","overlay-opacity":"","overlay-gradient":""},"tablet":{"background-color":"var(--ast-global-color-4)","background-image":"","background-repeat":"repeat","background-position":"center center","background-size":"auto","background-attachment":"scroll","background-type":"","background-media":"","overlay-type":"","overlay-color":"","overlay-opacity":"","overlay-gradient":""},"mobile":{"background-color":"var(--ast-global-color-4)","background-image":"","background-repeat":"repeat","background-position":"center center","background-size":"auto","background-attachment":"scroll","background-type":"","background-media":"","overlay-type":"","overlay-color":"","overlay-opacity":"","overlay-gradient":""}},"jetpack_post_was_ever_published":false,"footnotes":""},"class_list":["post-2690","page","type-page","status-publish","hentry"],"jetpack_sharing_enabled":true,"_links":{"self":[{"href":"https:\/\/cafefriki.com\/index.php?rest_route=\/wp\/v2\/pages\/2690","targetHints":{"allow":["GET"]}}],"collection":[{"href":"https:\/\/cafefriki.com\/index.php?rest_route=\/wp\/v2\/pages"}],"about":[{"href":"https:\/\/cafefriki.com\/index.php?rest_route=\/wp\/v2\/types\/page"}],"author":[{"embeddable":true,"href":"https:\/\/cafefriki.com\/index.php?rest_route=\/wp\/v2\/users\/1"}],"replies":[{"embeddable":true,"href":"https:\/\/cafefriki.com\/index.php?rest_route=%2Fwp%2Fv2%2Fcomments&post=2690"}],"version-history":[{"count":1,"href":"https:\/\/cafefriki.com\/index.php?rest_route=\/wp\/v2\/pages\/2690\/revisions"}],"predecessor-version":[{"id":2691,"href":"https:\/\/cafefriki.com\/index.php?rest_route=\/wp\/v2\/pages\/2690\/revisions\/2691"}],"wp:attachment":[{"href":"https:\/\/cafefriki.com\/index.php?rest_route=%2Fwp%2Fv2%2Fmedia&parent=2690"}],"curies":[{"name":"wp","href":"https:\/\/api.w.org\/{rel}","templated":true}]}}